et l(o) = -95*o - 619. What is l(-7)?
46
Let q(j) = 8*j**2 - 13*j + 17. Determine q(2).
23
Let a(p) = p**3 - 143*p**2 + 2850*p + 122. Give a(24).
-22
Let l(h) = h**2 - 37*h + 278. Determine l(31).
92
Let o(h) = h**3 - 9*h**2 - 6*h + 57. Calculate o(3).
-15
Let j(g) = -g**2 - 86*g + 135. Give j(-88).
-41
Let g(v) = v**3 - 11*v**2 + 18*v - 97. What is g(10)?
-17
Let r(q) = -8*q + 791. Determine r(79).
159
Let h(d) = 2*d**3 - 20*d**2 - 117*d + 78. Determine h(14).
8
Let i(p) = -4*p**3 + 43*p**2 + 8*p + 22. What is i(11)?
-11
Let v(f) = 310*f + 9948. What is v(-32)?
28
Let f(u) = 2*u**3 - 20*u**2 + 29*u + 10. Determine f(4).
-66
Let s(w) = w**2 + 22*w - 164. Give s(6).
4
Let t(b) = -b**3 - 61*b**2 - 745*b + 117. Calculate t(-44).
-15
Let h(r) = 85*r + 127. What is h(-12)?
-893
Let x(y) = -17*y - 46. Calculate x(2).
-80
Let r(u) = 4*u**2 - 139*u + 7. Determine r(35).
42
Let l(a) = -a**2 - 52*a + 161. What is l(3)?
-4
Let n(q) = -9*q**3 + 2*q**2 - 20*q - 22. What is n(-1)?
9
Let k(z) = -229*z - 6868. What is k(-30)?
2
Let u(t) = -10*t + 220. Give u(21).
10
Let m(r) = -3*r**2 + 2*r + 13. What is m(2)?
5
Let j(l) = -19*l**2 + 3*l - 20. What is j(3)?
-182
Let z(g) = -g**2 - 41*g - 176. What is z(-39)?
-98
Let c(u) = -6*u**3 - 30*u**2 - 5*u + 1. Give c(-5).
26
Let m(k) = -216*k + 2284. Calculate m(10).
124
Let m(q) = -q**2 - 37*q - 315. Give m(-13).
-3
Let y(b) = -b**3 + 7*b**2 + 72*b - 162. Give y(12).
-18
Let y(l) = -337*l + 3367. Calculate y(10).
-3
Let q(b) = 2*b**3 - 71*b**2 - 22*b + 56. What is q(36)?
560
Let o(g) = g**3 - 80*g**2 + 579*g - 235. What is o(72)?
-19
Let q(y) = 13*y + 363. What is q(-32)?
-53
Let b(z) = -49*z + 1366. Calculate b(28).
-6
Let t(f) = -2*f**3 - 5*f**2 + 15*f + 3. Calculate t(-4).
-9
Let o(v) = -2*v**3 + 70*v**2 + 70*v - 85. Determine o(36).
-157
Let y(i) = -i**2 - 11*i + 394. Calculate y(-25).
44
Let w(i) = -i**2 - 158*i + 16. Determine w(0).
16
Let q(u) = 4*u**2 - 17*u - 64. What is q(9)?
107
Let k(s) = -65*s - 5786. Determine k(-89).
-1
Let c(n) = 210*n + 3144. Give c(-15).
-6
Let k(z) = 2*z**2 - 100*z + 300. What is k(3)?
18
Let w(h) = h**2 + 41*h + 324. Give w(-12).
-24
Let c(d) = d**3 + 107*d**2 + 1053*d + 14. Give c(-11).
47
Let o(y) = y**2 + 80*y + 1324. What is o(-58)?
48
Let n(m) = -3*m**3 + 2*m**2 - 564*m - 1137. Give n(-2).
23
Let c(b) = -185*b - 3157. Calculate c(-17).
-12
Let i(w) = -w**2 + 30*w + 179. Give i(35).
4
Let v(o) = o**3 + 47*o**2 - 181*o + 65. Calculate v(3).
-28
Let t(g) = -5*g**2 + 79*g + 32. Determine t(16).
16
Let l(o) = 20*o + 2016. Calculate l(-101).
-4
Let t(q) = q**2 + 4*q + 23. Calculate t(5).
68
Let x(c) = -16*c + 199. Calculate x(20).
-121
Let y(t) = t**3 + 2*t**2 - 104*t - 385. Determine y(-4).
-1
Let j(o) = -778*o + 14050. Determine j(18).
46
Let o(i) = i**3 + 18*i**2 + 39*i + 88. What is o(-16)?
-24
Let d(j) = 41*j + 181. Calculate d(-7).
-106
Let t(x) = x**3 - 26*x**2 - 335*x - 15. Determine t(-8).
489
Let m(u) = -50*u - 450. Determine m(-8).
-50
Let p(h) = -h**3 - 2*h**2 - 4*h + 5. Calculate p(0).
5
Let l(k) = -20*k - 777. Calculate l(-35).
-77
Let n(g) = g**3 + 42*g**2 + 112*g + 33. Determine n(-39).
228
Let i(k) = k**3 - k**2 - 20*k + 52. Determine i(6).
112
Let i(g) = 336*g - 77. Determine i(4).
1267
Let h(z) = -3*z**2 + 2*z - 28. Give h(7).
-161
Let b(u) = 68*u + 749. Calculate b(-11).
1
Let w(g) = g**2 + 614*g - 3651. What is w(6)?
69
Let l(c) = -465*c + 1921. Calculate l(4).
61
Let f(l) = -1209*l - 5771. What is f(-5)?
274
Let k(x) = -9*x**2 + 30*x + 15. What is k(4)?
-9
Let l(s) = 8*s**2 - 422*s + 426. Determine l(1).
12
Let h(z) = -957*z + 6718. What is h(7)?
19
Let p(d) = 2*d**2 + 79*d + 19. Give p(-39).
-20
Let k(x) = -6*x - 185. Determine k(-18).
-77
Let b(j) = -13*j**2 + 663*j + 5. What is b(51)?
5
Let q(v) = v**2 - 51*v + 288. Calculate q(7).
-20
Let t(n) = -13*n**2 - 124*n - 25. Calculate t(-10).
-85
Let j(r) = -24*r**3 - r**2 + 12*r - 26. Give j(2).
-198
Let n(z) = -25*z - 83. Give n(0).
-83
Let y(i) = i**3 - 6*i**2 + 10*i - 40. What is y(4)?
-32
Let x(s) = 2*s**3 - 13*s**2 - 17*s - 57. Determine x(8).
-1
Let y(w) = -w**3 - w**2 - 12*w + 43. Calculate y(2).
7
Let x(j) = -2*j**3 + 981*j**2 - 10547*j - 29. What is x(11)?
-7
Let n(x) = x**2 + 285*x + 1975. Determine n(-7).
29
Let k(y) = 20*y + 74. Calculate k(-7).
-66
Let n(l) = -l**3 - 10*l**2 - 2*l + 122. Give n(-8).
10
Let x(i) = -18*i + 164. Determine x(4).
92
Let d(i) = -53*i - 235. Calculate d(-5).
30
Let h(w) = w**2 - 79*w + 538. What is h(72)?
34
Let x(l) = 3*l**3 + 28*l**2 - 18*l - 94. What is x(-10)?
-114
Let b(w) = 2*w**3 + 41*w**2 - 105*w + 214. Determine b(-23).
-16
Let x(d) = 28*d + 1227. Determine x(-44).
-5
Let s(h) = h**2 - 74*h - 1050. Give s(-12).
-18
Let d(p) = -p**3 - 20*p**2 + 45*p + 3. Give d(-22).
-19
Let f(w) = -3*w**3 + 54*w**2 + 35*w - 411. Determine f(18).
219
Let i(g) = g**3 - 45*g**2 - 682*g + 27. What is i(-12)?
3
Let c(u) = 964*u + 104127. What is c(-108)?
15
Let c(a) = -a**3 + 2*a - 199. Determine c(10).
-1179
Let n(u) = 11*u**2 - 240*u - 38. What is n(22)?
6
Let u(d) = d**3 + 198*d**2 - 405*d - 995. Give u(-200).
5
Let c(k) = -k**2 - 15*k + 23. What is c(2)?
-11
Let g(h) = -7*h**2 - 40*h - 7. What is g(-5)?
18
Let q(o) = -17*o - 718. Give q(-42).
-4
Let b(t) = -99*t - 1162. Determine b(-12).
26
Let i(d) = 8*d**2 - 11*d - 5. Determine i(7).
310
Let c(w) = -95*w + 1043. Calculate c(11).
-2
Let f(g) = g**2 + 73*g + 264. Calculate f(-69).
-12
Let k(c) = 10*c + 7. Determine k(-14).
-133
Let x(h) = 2558*h - 38369. Determine x(15).
1
Let w(o) = 7*o**2 - 208*o + 1024. What is w(6)?
28
Let a(p) = -11*p**2 + 1178*p - 112. Give a(107).
-5
Let c(i) = -9*i + 8. What is c(27)?
-235
Let p(w) = w**3 + 9*w**2 + 4*w - 56. Give p(-4).
8
Let t(y) = y**3 - 6*y**2 + 12. Calculate t(6).
12
Let d(q) = 13*q - 195. Determine d(13).
-26
Let x(z) = -61*z - 78. What is x(-3)?
105
Let b(s) = -s**3 - 7*s**2 - 82*s - 461. Calculate b(-6).
-5
Let p(y) = -y**3 + 45*y**2 - 126*y + 2. Give p(42).
2
Let r(s) = 463*s - 497. What is r(1)?
-34
Let r(l) = l**3 + 9*l**2 - 6*l - 46. Give r(-9).
8
Let m(u) = -2*u**3 + 148*u**2 - 159*u + 940. What is m(73)?
-9
Let d(q) = -q**3 - q**2 + 96*q - 41. What is d(9)?
13
Let a(p) = 88*p - 980. Calculate a(11).
-12
Let t(c) = 18*c - 489. What is t(22)?
-93
Let l(m) = 11*m + 638. Calculate l(-60).
-22
Let n(d) = 1320*d - 7926. Determine n(6).
-6
Let f(s) = 4*s**3 + 11*s**2 + 27*s - 23. Give f(-6).
-653
Let f(n) = n**3 - 21*n**2 - 45*n + 2. Determine f(23).
25
Let k(t) = t**3 + 24*t**2 + 138*t + 17. Determine k(-15).
-28
Let i(s) = s**3 - 7*s**2 - 17*s + 144. What is i(6)?
6
Let j(g) = -183*g**2 + 549*g - 14. Give j(3).
-14
Let w(l) = -33*l**2 + 46*l + 64. Determine w(-2).
-160
Let z(d) = 10*d**2 + 455*d - 70. What is z(-46)?
160
Let d(m) = -1043*m - 7306. Give d(-7).
-5
Let z(v) = 2*v**3 + 9*v**2 + 16*v + 3. Calculate z(-6).
-201
Let u(s) = 2*s**3 + 38*s**2 - 35*s - 28. Determine u(-20).
-128
Let j(q) = q**3 + 17*q**2 + 46*q - 228. What is j(-9)?
6
Let d(a) = 2*a**2 - 107*a + 204. What is d(51)?
-51
Let c(t) = 30*t - 1127. Determine c(38).
13
Let y(k) = -13*k**2 + 3640*k - 6. Calculate y(280).
-6
Let m(t) = 25272*t - 176900. Calculate m(7).
4
Let w(l) = l**2 + 21*l + 63. Give w(-3).
9
Let z(a) = 3*a**2 - 500*a + 18362. Calculate z(112).
-6
Let g(i) = -19*i**2 - 203*i - 413. Determine g(-8).
-5
Let c(o) = -7*o**2 - 548*o + 394. Give c(-79).
-1
Let s(n) = -9*n**2 - 1140*n - 747. Give s(-126).
9
Let r(n) = 2*n**3 - 34*n**2 - 37*n + 1108. Determine r(16).
4
Let r(w) = w**3 - 12*w**2 - 55*w + 393. Give r(14).
15
Let j(h) = h**3 + 12*h**2 - 129*h - 1509. What is j(-10)?
-19
Let l(y) = -y**3 - 7*y**2 - 8*y + 3. Determine l(-5).
-7
Let t(a) = -a**3 + 5*a**2 - 9*a + 31. Calculate t(5).
-14
Let w(p) = -63*p**3 - p**2 - p. Give w(1).
-65
Let v(z) = 575*z + 1173. Give v(-2).
23
Let h(f) = 16*f**2 + 304*f + 17. Determine h(-19).
17
Let p(b) = -49*b + 5504. Determine p(112).
16
Let d(v) = -284*v - 279. Determine d(-2).
289
Let k(m) = m**2 - 275*m + 3868. Determine k(15).
-32
Let b(v) = 81*v**2 + 172*v + 5. What is b(-2)?
-15
Let x(a) = -12*a + 1127. Determine x(99).
-61
Let k(h) = -h**3 - 5*h**2 + 39*h + 204. What is k(-7)?
29
Let c(u) = 50*u - 1420. Calculate c(27).
-70
Let h(o) = 38*o + 90. Calcu